{"id":41,"date":"2022-04-11T19:20:22","date_gmt":"2022-04-11T19:20:22","guid":{"rendered":"https:\/\/eaf-pfalz.de\/?page_id=41"},"modified":"2025-09-19T13:30:09","modified_gmt":"2025-09-19T13:30:09","slug":"wir-ueber-uns","status":"publish","type":"page","link":"https:\/\/eaf-pfalz.de\/?page_id=41","title":{"rendered":"Wir \u00fcber uns"},"content":{"rendered":"\n<p>Die eaf ist der Familienverband der Evangelischen Kirche der Pfalz (Protestantische Landeskirche). Wir engagieren uns daf\u00fcr, dass in Kirche, Staat und Gesellschaft Familienpolitik als Aufgabe wahrgenommen und umgesetzt wird. Auf der Grundlage des evangelischen Glaubens treten wir f\u00fcr eine familiengerechte Gestaltung von Kirche und Gesellschaft ein.<\/p>\n\n\n\n<p>Die eaf nimmt Stellung zu ethischen, sozialen, wirtschaftlichen, rechtlichen und p\u00e4dagogischen Fragen. <br>Die eaf ist auf Bundesebene aktiv: \u00a0<a href=\"https:\/\/www.eaf-bund.de\/\">https:\/\/www.eaf-bund.de\/<\/a><\/p>\n\n\n\n<p>Die eaf Pfalz arbeitet in der <a href=\"https:\/\/agfrlp.wordpress.com\/\">Arbeitsgemeinschaft der Familienorganisationen Rheinland-Pfalz (AGF)<\/a> mit. Vertreten sind wir auf diesem Wege in <\/p>\n\n\n\n<ul class=\"wp-block-list\">\n<li><a href=\"https:\/\/mffki.rlp.de\/themen\/familie\/gute-zukunft-fuer-alle-kinder-und-eltern\/finanzielle-leistungen\/stiftung-familie-in-not\">Vergabeausschuss der Stiftung  &#8222;Familie in Not&#8220;<\/a><\/li>\n\n\n\n<li><a href=\"https:\/\/medienanstalt-rlp.de\/ueber-uns\/wer-wir-sind\/versammlung\">Medienversammlung Rheinland-Pfalz<\/a><\/li>\n\n\n\n<li><a href=\"https:\/\/mffki.rlp.de\/ministerium\/gremienarbeit\">Landesbeirat  Familienpolitik<\/a><\/li>\n<\/ul>\n\n\n\n<p>Als familienpolitischer Verband gehen wir von einem erweiterten und offenen Familienbegriff aus, das hei\u00dft, &nbsp;wir betrachten alle Formen des Zusammenlebens als Familie, in denen Eltern f\u00fcr Kinder und Kinder f\u00fcr Eltern dauerhaft Verantwortung und Sorge tragen.<\/p>\n\n\n\n<p>Wenn Sie Beratung, Hilfe oder Unterst\u00fctzung f\u00fcr Familien oder in allgemeinen Lebenskrisen ben\u00f6tigen, wenden Sie sich bitte an die Beratungsstellen des Diakonischen Werkes: <a href=\"http:\/\/www.diakonie-pfalz.de\/\">www.diakonie-pfalz.de<\/a><\/p>\n\n\n\n<p>Kommissarische <strong>Gesch\u00e4ftsf\u00fchrung: <\/strong><br>Referentin f\u00fcr Familienbildung in der Arbeitsstelle Bildung und Gesellschaft <br>Unionstr. 1 | 67657 Kaiserslautern<br>Tel: 0631 \u2013 3642-108<br>Email: <a href=\"mailto:ute.dettweiler@evkirchepfalz.de\">ute.dettweiler@evkirchepfalz.de<\/a><\/p>\n\n\n\n<figure class=\"wp-block-image alignright size-large is-resized\"><img loading=\"lazy\" decoding=\"async\" width=\"768\" height=\"1024\" src=\"https:\/\/eaf-pfalz.de\/wp-content\/uploads\/2024\/11\/Vorstand-768x1024.jpeg\" alt=\"\" class=\"wp-image-749\" style=\"width:301px;height:auto\" srcset=\"https:\/\/eaf-pfalz.de\/wp-content\/uploads\/2024\/11\/Vorstand-768x1024.jpeg 768w, https:\/\/eaf-pfalz.de\/wp-content\/uploads\/2024\/11\/Vorstand-225x300.jpeg 225w, https:\/\/eaf-pfalz.de\/wp-content\/uploads\/2024\/11\/Vorstand-1152x1536.jpeg 1152w, https:\/\/eaf-pfalz.de\/wp-content\/uploads\/2024\/11\/Vorstand.jpeg 1500w\" sizes=\"auto, (max-width: 768px) 100vw, 768px\" \/><\/figure>\n\n\n\n<p><strong>Kontaktdaten des Vorstands<\/strong>:<br><strong>Ute Dettweiler<\/strong><br>Referentin f\u00fcr Familienbildung in der Arbeitsstelle Bildung und Gesellschaft <br>Unionstr. 1 | 67657 Kaiserslautern<br>Tel: 0631 \u2013 3642-108<br>Email: <a href=\"mailto:ute.dettweiler@evkirchepfalz.de\">ute.dettweiler@evkirchepfalz.de<\/a><\/p>\n\n\n\n<p><strong>Kornelia Hmielorz<\/strong><br>Leitende Referentin im Referat Erziehungs- und Familienberatung,&nbsp; Kinderschutzdienste<br>Karmeliterstr. 20 | 67346 Speyer<br>Tel: 06232 \u2013 664-201<br>Email: <a href=\"mailto:kornelia.hmielorz@diakonie-pfalz.de\">kornelia.hmielorz@diakonie-pfalz.de<\/a><\/p>\n\n\n\n<p><\/p>\n","protected":false},"excerpt":{"rendered":"<p>Die eaf ist der Familienverband der Evangelischen Kirche der Pfalz (Protestantische Landeskirche). Wir engagieren uns daf\u00fcr, dass in Kirche, Staat<\/p>\n","protected":false},"author":1,"featured_media":0,"parent":0,"menu_order":1,"comment_status":"closed","ping_status":"closed","template":"","meta":{"colormag_page_container_layout":"default_layout","colormag_page_sidebar_layout":"default_layout","footnotes":""},"class_list":["post-41","page","type-page","status-publish","hentry"],"_links":{"self":[{"href":"https:\/\/eaf-pfalz.de\/index.php?rest_route=\/wp\/v2\/pages\/41","targetHints":{"allow":["GET"]}}],"collection":[{"href":"https:\/\/eaf-pfalz.de\/index.php?rest_route=\/wp\/v2\/pages"}],"about":[{"href":"https:\/\/eaf-pfalz.de\/index.php?rest_route=\/wp\/v2\/types\/page"}],"author":[{"embeddable":true,"href":"https:\/\/eaf-pfalz.de\/index.php?rest_route=\/wp\/v2\/users\/1"}],"replies":[{"embeddable":true,"href":"https:\/\/eaf-pfalz.de\/index.php?rest_route=%2Fwp%2Fv2%2Fcomments&post=41"}],"version-history":[{"count":30,"href":"https:\/\/eaf-pfalz.de\/index.php?rest_route=\/wp\/v2\/pages\/41\/revisions"}],"predecessor-version":[{"id":874,"href":"https:\/\/eaf-pfalz.de\/index.php?rest_route=\/wp\/v2\/pages\/41\/revisions\/874"}],"wp:attachment":[{"href":"https:\/\/eaf-pfalz.de\/index.php?rest_route=%2Fwp%2Fv2%2Fmedia&parent=41"}],"curies":[{"name":"wp","href":"https:\/\/api.w.org\/{rel}","templated":true}]}}

Wir über uns

<p>Die eaf ist der Familienverband der Evangelischen Kirche der Pfalz (Protestantische Landeskirche). Wir engagieren uns dafür, dass in Kirche, Staat und Gesellschaft Familienpolitik als Aufgabe wahrgenommen und umgesetzt wird. Auf der Grundlage des evangelischen Glaubens treten wir für eine familiengerechte Gestaltung von Kirche und Gesellschaft ein.</p>



<p>Die eaf nimmt Stellung zu ethischen, sozialen, wirtschaftlichen, rechtlichen und pädagogischen Fragen. <br>Die eaf ist auf Bundesebene aktiv:  <a href="https://www.eaf-bund.de/">https://www.eaf-bund.de/</a></p>



<p>Die eaf Pfalz arbeitet in der <a href="https://agfrlp.wordpress.com/">Arbeitsgemeinschaft der Familienorganisationen Rheinland-Pfalz (AGF)</a> mit. Vertreten sind wir auf diesem Wege in </p>



<ul class="wp-block-list">
<li><a href="https://mffki.rlp.de/themen/familie/gute-zukunft-fuer-alle-kinder-und-eltern/finanzielle-leistungen/stiftung-familie-in-not">Vergabeausschuss der Stiftung  &#8222;Familie in Not&#8220;</a></li>



<li><a href="https://medienanstalt-rlp.de/ueber-uns/wer-wir-sind/versammlung">Medienversammlung Rheinland-Pfalz</a></li>



<li><a href="https://mffki.rlp.de/ministerium/gremienarbeit">Landesbeirat  Familienpolitik</a></li>
</ul>



<p>Als familienpolitischer Verband gehen wir von einem erweiterten und offenen Familienbegriff aus, das heißt, &nbsp;wir betrachten alle Formen des Zusammenlebens als Familie, in denen Eltern für Kinder und Kinder für Eltern dauerhaft Verantwortung und Sorge tragen.</p>



<p>Wenn Sie Beratung, Hilfe oder Unterstützung für Familien oder in allgemeinen Lebenskrisen benötigen, wenden Sie sich bitte an die Beratungsstellen des Diakonischen Werkes: <a href="http://www.diakonie-pfalz.de/">www.diakonie-pfalz.de</a></p>



<p>Kommissarische <strong>Geschäftsführung: </strong><br>Referentin für Familienbildung in der Arbeitsstelle Bildung und Gesellschaft <br>Unionstr. 1 | 67657 Kaiserslautern<br>Tel: 0631 – 3642-108<br>Email: <a href="mailto:ute.dettweiler@evkirchepfalz.de">ute.dettweiler@evkirchepfalz.de</a></p>



<figure class="wp-block-image alignright size-large is-resized"><img loading="lazy" decoding="async" width="768" height="1024" src="https://eaf-pfalz.de/wp-content/uploads/2024/11/Vorstand-768x1024.jpeg" alt="" class="wp-image-749" style="width:301px;height:auto" srcset="https://eaf-pfalz.de/wp-content/uploads/2024/11/Vorstand-768x1024.jpeg 768w, https://eaf-pfalz.de/wp-content/uploads/2024/11/Vorstand-225x300.jpeg 225w, https://eaf-pfalz.de/wp-content/uploads/2024/11/Vorstand-1152x1536.jpeg 1152w, https://eaf-pfalz.de/wp-content/uploads/2024/11/Vorstand.jpeg 1500w" sizes="auto, (max-width: 768px) 100vw, 768px" /></figure>



<p><strong>Kontaktdaten des Vorstands</strong>:<br><strong>Ute Dettweiler</strong><br>Referentin für Familienbildung in der Arbeitsstelle Bildung und Gesellschaft <br>Unionstr. 1 | 67657 Kaiserslautern<br>Tel: 0631 – 3642-108<br>Email: <a href="mailto:ute.dettweiler@evkirchepfalz.de">ute.dettweiler@evkirchepfalz.de</a></p>



<p><strong>Kornelia Hmielorz</strong><br>Leitende Referentin im Referat Erziehungs- und Familienberatung,&nbsp; Kinderschutzdienste<br>Karmeliterstr. 20 | 67346 Speyer<br>Tel: 06232 – 664-201<br>Email: <a href="mailto:kornelia.hmielorz@diakonie-pfalz.de">kornelia.hmielorz@diakonie-pfalz.de</a></p>



<p></p>

<p>Die eaf ist der Familienverband der Evangelischen Kirche der Pfalz (Protestantische Landeskirche). Wir engagieren uns dafür, dass in Kirche, Staat</p>
