{"id":214,"date":"2022-09-05T13:47:46","date_gmt":"2022-09-05T13:47:46","guid":{"rendered":"https:\/\/eaf-pfalz.de\/?post_type=tribe_events&#038;p=214"},"modified":"2022-09-05T13:47:46","modified_gmt":"2022-09-05T13:47:46","slug":"online-interaktion-und-beteiligung-in-digitalen-und-hybriden-veranstaltungen-foerdern","status":"publish","type":"tribe_events","link":"https:\/\/eaf-pfalz.de\/?tribe_events=online-interaktion-und-beteiligung-in-digitalen-und-hybriden-veranstaltungen-foerdern","title":{"rendered":"Online: Interaktion und Beteiligung in digitalen und hybriden Veranstaltungen f\u00f6rdern"},"content":{"rendered":"\r\n<p><strong>Online-Veranstaltung am 22.09.2022 von 09:00 &#8211; 11:00 Uhr <\/strong><\/p>\r\n\r\n\r\n\r\n<p>Digitale Formate erfordern digitale Technik. In diesem Bildungsangebot werden im Rahmen einer online-Studiof\u00fchrung unterschiedliche Licht, Kamera und Mikrofon-Typen gezeigt und demonstriert, von einfachen und leicht anzuwendenden L\u00f6sungen bis hin zu komplexeren Aufbauten. Darunter fallen vor allem g\u00fcnstige Kamerasysteme, die sich automatisch nach der Referent*in ausrichten, einfache aber gute All-in One Rauml\u00f6sungen (Audio und Video) sowie unterschiedliche Mikrofontypen wie Funkmikrofone, Bluetooth-L\u00f6sungen oder USB-Ger\u00e4te. Neben den technischen Informationen gibt es hilfreiche Tipps f\u00fcr die Pr\u00e4sentation im digitalen Raum sowie die M\u00f6glichkeit, eigene Fragen an den Experten einzubringen.<\/p>\r\n\r\n\r\n\r\n<p>Teilnahmebeitrag: 20,00 \u20ac<\/p>\r\n\r\n\r\n\r\n<p>Anmeldung <a href=\"https:\/\/www.erwachsenenbildung-ekhn.de\/veranstaltungen\/events\/detail\/online-technik-fuer-digitale-bildungsformate-8211-von-einfachen-bis-zu-komplexen-loesungen\/\">hier<\/a><\/p>\r\n\r\n\r\n\r\n<p>Bei Fragen zu den Veranstaltungen k\u00f6nnen Sie sich gerne an Tobias Albers-Heinemann wenden (<a href=\"mailto:tobias.albers-heinemann@ekhn.de\">tobias.albers-heinemann@ekhn.de<\/a>).<\/p>\r\n","protected":false},"excerpt":{"rendered":"<p>Online-Veranstaltung am 22.09.2022 von 09:00 &#8211; 11:00 Uhr Digitale Formate erfordern digitale Technik. In diesem Bildungsangebot werden im Rahmen einer<\/p>\n","protected":false},"author":1,"featured_media":0,"template":"","meta":{"colormag_page_container_layout":"default_layout","colormag_page_sidebar_layout":"default_layout","_tribe_events_status":"","_tribe_events_status_reason":"","footnotes":""},"tags":[28,16,29],"tribe_events_cat":[],"class_list":["post-214","tribe_events","type-tribe_events","status-publish","hentry","tag-hybrid","tag-online","tag-veranstaltung"],"_links":{"self":[{"href":"https:\/\/eaf-pfalz.de\/index.php?rest_route=\/wp\/v2\/tribe_events\/214","targetHints":{"allow":["GET"]}}],"collection":[{"href":"https:\/\/eaf-pfalz.de\/index.php?rest_route=\/wp\/v2\/tribe_events"}],"about":[{"href":"https:\/\/eaf-pfalz.de\/index.php?rest_route=\/wp\/v2\/types\/tribe_events"}],"author":[{"embeddable":true,"href":"https:\/\/eaf-pfalz.de\/index.php?rest_route=\/wp\/v2\/users\/1"}],"version-history":[{"count":2,"href":"https:\/\/eaf-pfalz.de\/index.php?rest_route=\/wp\/v2\/tribe_events\/214\/revisions"}],"predecessor-version":[{"id":216,"href":"https:\/\/eaf-pfalz.de\/index.php?rest_route=\/wp\/v2\/tribe_events\/214\/revisions\/216"}],"wp:attachment":[{"href":"https:\/\/eaf-pfalz.de\/index.php?rest_route=%2Fwp%2Fv2%2Fmedia&parent=214"}],"wp:term":[{"taxonomy":"post_tag","embeddable":true,"href":"https:\/\/eaf-pfalz.de\/index.php?rest_route=%2Fwp%2Fv2%2Ftags&post=214"},{"taxonomy":"tribe_events_cat","embeddable":true,"href":"https:\/\/eaf-pfalz.de\/index.php?rest_route=%2Fwp%2Fv2%2Ftribe_events_cat&post=214"}],"curies":[{"name":"wp","href":"https:\/\/api.w.org\/{rel}","templated":true}]}}

Online: Interaktion und Beteiligung in digitalen und hybriden Veranstaltungen fördern

<p><strong>Online-Veranstaltung am 22.09.2022 von 09:00 &#8211; 11:00 Uhr </strong></p>



<p>Digitale Formate erfordern digitale Technik. In diesem Bildungsangebot werden im Rahmen einer online-Studioführung unterschiedliche Licht, Kamera und Mikrofon-Typen gezeigt und demonstriert, von einfachen und leicht anzuwendenden Lösungen bis hin zu komplexeren Aufbauten. Darunter fallen vor allem günstige Kamerasysteme, die sich automatisch nach der Referent*in ausrichten, einfache aber gute All-in One Raumlösungen (Audio und Video) sowie unterschiedliche Mikrofontypen wie Funkmikrofone, Bluetooth-Lösungen oder USB-Geräte. Neben den technischen Informationen gibt es hilfreiche Tipps für die Präsentation im digitalen Raum sowie die Möglichkeit, eigene Fragen an den Experten einzubringen.</p>



<p>Teilnahmebeitrag: 20,00 €</p>



<p>Anmeldung <a href="https://www.erwachsenenbildung-ekhn.de/veranstaltungen/events/detail/online-technik-fuer-digitale-bildungsformate-8211-von-einfachen-bis-zu-komplexen-loesungen/">hier</a></p>



<p>Bei Fragen zu den Veranstaltungen können Sie sich gerne an Tobias Albers-Heinemann wenden (<a href="mailto:tobias.albers-heinemann@ekhn.de">tobias.albers-heinemann@ekhn.de</a>).</p>
