{"id":895,"date":"2026-02-23T11:03:37","date_gmt":"2026-02-23T11:03:37","guid":{"rendered":"https:\/\/eaf-pfalz.de\/?post_type=tribe_events&#038;p=895"},"modified":"2026-02-23T11:21:38","modified_gmt":"2026-02-23T11:21:38","slug":"unterwegs-mit-kind-und-kegel-klimagerechte-mobilitaet-fuer-familien","status":"publish","type":"tribe_events","link":"https:\/\/eaf-pfalz.de\/?tribe_events=unterwegs-mit-kind-und-kegel-klimagerechte-mobilitaet-fuer-familien","title":{"rendered":"Unterwegs mit Kind und Kegel: Klimagerechte Mobilit\u00e4t f\u00fcr Familien"},"content":{"rendered":"<p>Gemeinsame Online-Gespr\u00e4chsreihe von eaf und Familienbund<br \/>\n\u201e<strong>Gutes Klima f\u00fcr Familien: Wie gestalten wir eine familiengerechte und soziale Klimawende?\u201c<\/strong><\/p>\n<p><strong>12. M\u00e4rz 2026, 11:00-12:30 Uhr<\/strong><\/p>\n<p>Als Einstieg in das Thema wird uns<strong> Nils L\u00f6ster (Referent Verkehrspolitik, NABU) <\/strong>die Arbeit des \u201eB\u00fcndnisses sozialvertr\u00e4gliche Mobilit\u00e4tswende\u201c vorstellen und <strong>Alexander Kaas Elias (Sprecher f\u00fcr Bahn, \u00d6PNV und Multimodalit\u00e4t, VCD Verkehrsclub Deutschland e.V.) <\/strong>erg\u00e4nzt mit praktischen Impulsen und Ideen des VCD f\u00fcr klimagerechte Mobilit\u00e4t von Familien.<\/p>\n<p>Wir m\u00f6chte mit Ihnen und euch unter anderem folgende Fragen diskutieren:<\/p>\n<ul>\n<li>Wie sind Haushalte und Familien aktuell in Deutschland unterwegs? Und was muss sich beim Verkehr \u00e4ndern?<\/li>\n<li>Wie kann Familien die Nutzung nachhaltiger Verkehrsmittel erleichtert werden und was macht insbesondere den \u00d6PNV f\u00fcr Familien attraktiv?<\/li>\n<li>Welche unterschiedlichen L\u00f6sungen braucht es in Stadt und Land? Welchen Stellenwert wollen wir k\u00fcnftig dem Individualverkehr geben, auf den bisher viele Familien angewiesen sind?<\/li>\n<li>Wie k\u00f6nnen Mobilit\u00e4t und familienrelevante Infrastruktur wie Schulen, Kitas, Wohnen, Arbeiten und Einkaufen zusammengedacht werden?<\/li>\n<\/ul>\n<p>Die Veranstaltung ist kostenfrei.<\/p>\n<p><a href=\"https:\/\/www.eaf-bund.de\/service\/veranstaltungen\/2026-03-12-unterwegs-mit-kind-und-kegel-klimagerechte-mobilitaet-fuer\"><strong>ZUR ANMELDUNG<\/strong><\/a><\/p>\n<p><strong>Hinweis<\/strong>: Unsere Online-Veranstaltungen finden unter Verwendung des Videokonferenz-Tools \u201eZoom\u201c statt.<br \/>\nBitte beachten Sie unsere\u00a0<a href=\"https:\/\/www.eaf-bund.de\/node\/916\">Datenschutzerkl\u00e4rung zur Verwendung von Zoom<\/a>.<\/p>\n","protected":false},"excerpt":{"rendered":"<p>Gemeinsame Online-Gespr\u00e4chsreihe von eaf und Familienbund \u201eGutes Klima f\u00fcr Familien: Wie gestalten wir eine familiengerechte und soziale Klimawende?\u201c 12. M\u00e4rz<\/p>\n","protected":false},"author":1,"featured_media":847,"template":"","meta":{"colormag_page_container_layout":"default_layout","colormag_page_sidebar_layout":"default_layout","_tribe_events_status":"","_tribe_events_status_reason":"","footnotes":""},"tags":[10,19,82,16,29,21],"tribe_events_cat":[],"class_list":["post-895","tribe_events","type-tribe_events","status-publish","has-post-thumbnail","hentry","tag-familie","tag-kinder","tag-klimaschutz","tag-online","tag-veranstaltung","tag-workshop"],"_links":{"self":[{"href":"https:\/\/eaf-pfalz.de\/index.php?rest_route=\/wp\/v2\/tribe_events\/895","targetHints":{"allow":["GET"]}}],"collection":[{"href":"https:\/\/eaf-pfalz.de\/index.php?rest_route=\/wp\/v2\/tribe_events"}],"about":[{"href":"https:\/\/eaf-pfalz.de\/index.php?rest_route=\/wp\/v2\/types\/tribe_events"}],"author":[{"embeddable":true,"href":"https:\/\/eaf-pfalz.de\/index.php?rest_route=\/wp\/v2\/users\/1"}],"version-history":[{"count":1,"href":"https:\/\/eaf-pfalz.de\/index.php?rest_route=\/wp\/v2\/tribe_events\/895\/revisions"}],"predecessor-version":[{"id":896,"href":"https:\/\/eaf-pfalz.de\/index.php?rest_route=\/wp\/v2\/tribe_events\/895\/revisions\/896"}],"wp:featuredmedia":[{"embeddable":true,"href":"https:\/\/eaf-pfalz.de\/index.php?rest_route=\/wp\/v2\/media\/847"}],"wp:attachment":[{"href":"https:\/\/eaf-pfalz.de\/index.php?rest_route=%2Fwp%2Fv2%2Fmedia&parent=895"}],"wp:term":[{"taxonomy":"post_tag","embeddable":true,"href":"https:\/\/eaf-pfalz.de\/index.php?rest_route=%2Fwp%2Fv2%2Ftags&post=895"},{"taxonomy":"tribe_events_cat","embeddable":true,"href":"https:\/\/eaf-pfalz.de\/index.php?rest_route=%2Fwp%2Fv2%2Ftribe_events_cat&post=895"}],"curies":[{"name":"wp","href":"https:\/\/api.w.org\/{rel}","templated":true}]}}

Unterwegs mit Kind und Kegel: Klimagerechte Mobilität für Familien

<p>Gemeinsame Online-Gesprächsreihe von eaf und Familienbund<br />
„<strong>Gutes Klima für Familien: Wie gestalten wir eine familiengerechte und soziale Klimawende?“</strong></p>
<p><strong>12. März 2026, 11:00-12:30 Uhr</strong></p>
<p>Als Einstieg in das Thema wird uns<strong> Nils Löster (Referent Verkehrspolitik, NABU) </strong>die Arbeit des „Bündnisses sozialverträgliche Mobilitätswende“ vorstellen und <strong>Alexander Kaas Elias (Sprecher für Bahn, ÖPNV und Multimodalität, VCD Verkehrsclub Deutschland e.V.) </strong>ergänzt mit praktischen Impulsen und Ideen des VCD für klimagerechte Mobilität von Familien.</p>
<p>Wir möchte mit Ihnen und euch unter anderem folgende Fragen diskutieren:</p>
<ul>
<li>Wie sind Haushalte und Familien aktuell in Deutschland unterwegs? Und was muss sich beim Verkehr ändern?</li>
<li>Wie kann Familien die Nutzung nachhaltiger Verkehrsmittel erleichtert werden und was macht insbesondere den ÖPNV für Familien attraktiv?</li>
<li>Welche unterschiedlichen Lösungen braucht es in Stadt und Land? Welchen Stellenwert wollen wir künftig dem Individualverkehr geben, auf den bisher viele Familien angewiesen sind?</li>
<li>Wie können Mobilität und familienrelevante Infrastruktur wie Schulen, Kitas, Wohnen, Arbeiten und Einkaufen zusammengedacht werden?</li>
</ul>
<p>Die Veranstaltung ist kostenfrei.</p>
<p><a href="https://www.eaf-bund.de/service/veranstaltungen/2026-03-12-unterwegs-mit-kind-und-kegel-klimagerechte-mobilitaet-fuer"><strong>ZUR ANMELDUNG</strong></a></p>
<p><strong>Hinweis</strong>: Unsere Online-Veranstaltungen finden unter Verwendung des Videokonferenz-Tools „Zoom“ statt.<br />
Bitte beachten Sie unsere <a href="https://www.eaf-bund.de/node/916">Datenschutzerklärung zur Verwendung von Zoom</a>.</p>

<p>Gemeinsame Online-Gesprächsreihe von eaf und Familienbund „Gutes Klima für Familien: Wie gestalten wir eine familiengerechte und soziale Klimawende?“ 12. März</p>
